{"id":20,"date":"2021-09-09T14:22:50","date_gmt":"2021-09-09T14:22:50","guid":{"rendered":"http:\/\/www.tramitaasesoriaonline.es\/?page_id=20"},"modified":"2021-10-30T15:32:15","modified_gmt":"2021-10-30T15:32:15","slug":"acerca-de","status":"publish","type":"page","link":"https:\/\/www.tramitaasesoriaonline.es\/index.php\/acerca-de\/","title":{"rendered":"Nuestra pretensi\u00f3n"},"content":{"rendered":"\n<p>ACOMPA\u00d1ARTE. Nacimos con la vocaci\u00f3n de formar parte de tu sue\u00f1o. Reconozc\u00e1moslo: nuestra sociedad no est\u00e1 dise\u00f1ada para emprender. No destaca el que inicia un negocio sino m\u00e1s bien qui\u00e9n consigue una plaza en la administraci\u00f3n p\u00fablica. <\/p>\n\n\n\n<figure class=\"wp-block-image size-medium\"><img loading=\"lazy\" decoding=\"async\" width=\"300\" height=\"200\" src=\"http:\/\/www.tramitaasesoriaonline.es\/wp-content\/uploads\/2021\/10\/pexels-canva-studio-3153201-2-300x200.jpg\" alt=\"\" class=\"wp-image-112\" srcset=\"https:\/\/www.tramitaasesoriaonline.es\/wp-content\/uploads\/2021\/10\/pexels-canva-studio-3153201-2-300x200.jpg 300w, https:\/\/www.tramitaasesoriaonline.es\/wp-content\/uploads\/2021\/10\/pexels-canva-studio-3153201-2-1024x683.jpg 1024w, https:\/\/www.tramitaasesoriaonline.es\/wp-content\/uploads\/2021\/10\/pexels-canva-studio-3153201-2-768x512.jpg 768w, https:\/\/www.tramitaasesoriaonline.es\/wp-content\/uploads\/2021\/10\/pexels-canva-studio-3153201-2-1536x1024.jpg 1536w, https:\/\/www.tramitaasesoriaonline.es\/wp-content\/uploads\/2021\/10\/pexels-canva-studio-3153201-2-2048x1365.jpg 2048w\" sizes=\"auto, (max-width: 300px) 100vw, 300px\" \/><\/figure>\n\n\n\n<p>Somos una asesor\u00eda creada en 2014, que pese a tener su oficina en la localidad de San Vicente del Raspeig, trabajamos con clientes de todo el territorio nacional. <\/p>\n\n\n\n<p>Cabe destacar el servicio que venimos prestando a asociaciones desde nuestros inicios, acompa\u00f1ando a entidades y d\u00e1ndoles el soporte contable, fiscal, laboral, jur\u00eddico y t\u00e9cnico.<\/p>\n\n\n\n<p>Desde hace a\u00f1os, hemos ido integrando herramientas de gesti\u00f3n y transferencia de documentos para facilitar a todos nuestros clientes la entrega y recepci\u00f3n de documentaci\u00f3n.<\/p>\n\n\n\n<p>Un \u00faltimo dato: no invertimos en publicidad. Nuestra ventaja <strong>\u00abel boca a boca\u00bb<\/strong>.<\/p>\n","protected":false},"excerpt":{"rendered":"<p>ACOMPA\u00d1ARTE. Nacimos con la vocaci\u00f3n de formar parte de tu sue\u00f1o. Reconozc\u00e1moslo: nuestra sociedad no est\u00e1 dise\u00f1ada para emprender. No destaca el que inicia un negocio sino m\u00e1s bien qui\u00e9n consigue una plaza en la administraci\u00f3n p\u00fablica. Somos una asesor\u00eda creada en 2014, que pese a tener su oficina en la localidad de San Vicente &hellip; <\/p>\n<p class=\"link-more\"><a href=\"https:\/\/www.tramitaasesoriaonline.es\/index.php\/acerca-de\/\" class=\"more-link\">Continuar leyendo<span class=\"screen-reader-text\"> \u00abNuestra pretensi\u00f3n\u00bb<\/span><\/a><\/p>\n","protected":false},"author":1,"featured_media":41,"parent":0,"menu_order":0,"comment_status":"closed","ping_status":"closed","template":"","meta":{"om_disable_all_campaigns":false,"_monsterinsights_skip_tracking":false,"_monsterinsights_sitenote_active":false,"_monsterinsights_sitenote_note":"","_monsterinsights_sitenote_category":0,"footnotes":""},"class_list":["post-20","page","type-page","status-publish","has-post-thumbnail","hentry"],"aioseo_notices":[],"_links":{"self":[{"href":"https:\/\/www.tramitaasesoriaonline.es\/index.php\/wp-json\/wp\/v2\/pages\/20","targetHints":{"allow":["GET"]}}],"collection":[{"href":"https:\/\/www.tramitaasesoriaonline.es\/index.php\/wp-json\/wp\/v2\/pages"}],"about":[{"href":"https:\/\/www.tramitaasesoriaonline.es\/index.php\/wp-json\/wp\/v2\/types\/page"}],"author":[{"embeddable":true,"href":"https:\/\/www.tramitaasesoriaonline.es\/index.php\/wp-json\/wp\/v2\/users\/1"}],"replies":[{"embeddable":true,"href":"https:\/\/www.tramitaasesoriaonline.es\/index.php\/wp-json\/wp\/v2\/comments?post=20"}],"version-history":[{"count":4,"href":"https:\/\/www.tramitaasesoriaonline.es\/index.php\/wp-json\/wp\/v2\/pages\/20\/revisions"}],"predecessor-version":[{"id":175,"href":"https:\/\/www.tramitaasesoriaonline.es\/index.php\/wp-json\/wp\/v2\/pages\/20\/revisions\/175"}],"wp:featuredmedia":[{"embeddable":true,"href":"https:\/\/www.tramitaasesoriaonline.es\/index.php\/wp-json\/wp\/v2\/media\/41"}],"wp:attachment":[{"href":"https:\/\/www.tramitaasesoriaonline.es\/index.php\/wp-json\/wp\/v2\/media?parent=20"}],"curies":[{"name":"wp","href":"https:\/\/api.w.org\/{rel}","templated":true}]}}